
64
Calculate -24 + 212 + -107 + -12 + 0.
69
Evaluate -71 + (4 - 15) + 36 - -10.
-36
Calculate -5 + 1 + 0 + (-143 + 354 - 120).
87
What is the value of (2223 - 2219) + (1 - 28 - (-3 + -2 - -3))?
-21
What is 3561 + -3644 - (0 + -8 - 1)?
-74
Evaluate (81 - 82 - (0 + -1 - 2)) + -23.
-21
Calculate 3 + -1 + -38 + (-13 + 13 - 21).
-57
What is the value of (2 - -42) + (-1002 - -941)?
-17
(8 - 23) + (8 - -5) + 0 + -51
-53
What is the value of (0 - -5) + 0 + -465 + 475?
15
(8 + (2 - -4) - (-1 - -10)) + (-14 - 66)
-75
Evaluate 1 - (14 - (-12 + (7 + 78 - 1) - 13)).
46
What is -12 + 2 + 3 + 11 - -78?
82
(14 - -22) + -38 - (-11 - 63)
72
What is 8 + (-3 + 2 - (19 - (-22 - (33 - 15))))?
-52
What is the value of 471 + -406 - (54 + -1)?
12
(-41 - -78) + 16 + -4
49
-28 + 80 + -51 - ((-1 - 1) + -10)
13
What is 4 + 17 + -46 + 21 + (-2 - -3) + -18?
-21
What is -1 - 3 - -7 - (69 + 0 - (196 - 183))?
-53
Evaluate (-21 - -26) + -96 + (18 - 1 - 1).
-75
What is -277 - -241 - (12 + -10)?
-38
Calculate (-31 - -17 - (30 + -5)) + -65.
-104
What is 11 + (14 + 0 - (-1 + 4 - -30))?
-8
What is 27 + -3 - -4 - (-181 + 182)?
27
What is the value of 35 + (-67 - -28) + 32?
28
Evaluate -5 + (77 + -58 + 43 - (-3 + 2 + 13)).
45
Calculate (230 - 268) + 53 + 0.
15
What is 1049 + -947 + (-3 + 0 + -1 - 3 - 3)?
92
Evaluate -153 - -145 - (-13 + -4 + 0 - 3).
12
Evaluate (8 - 2 - 0) + (13 + 18 - 19).
18
Calculate (-15 - (34 + 9) - 9) + 32.
-35
What is -155 + (15 - 1 - -53) + (0 + 7 - 0)?
-81
Calculate 67 - ((-6 - 29) + 58 + 3).
41
What is (68 - (79 + -3)) + 7?
-1
Calculate -1 + 88 + (-118 - (288 + -403)).
84
Evaluate 3 + 9 + (-16 - -19) + -22 + 1 + -34.
-40
What is (-143 - -9) + 68 + (3 - -4)?
-59
Calculate 9 + -3 + 2 + (-4 - 55 - (3 + -1)).
-53
6 + 0 - (-24 + 9)
21
What is -6 + 111 + -52 + -67 - (-73 + 1)?
58
35 + (-72 - -84) + -69
-22
What is the value of -3 + -13 + 0 + 40 + -13 - 63?
-52
Evaluate 19 + (-13 - -23) + -9 - (8 - 1).
13
What is the value of 28 - (16 + (-23 - -36 - 39))?
38
What is the value of 21 + 0 - (98 + -26 + 30)?
-81
Evaluate (72 - (61 + -47)) + -51.
7
What is (564 - 562) + (1 - 2) + 4?
5
What is 95 + -58 + (12 - (12 - 32))?
69
Calculate (-3 + 0 - 7) + (31 - -40) + -152.
-91
What is 56 + -378 + 436 + (-24 - 2)?
88
What is the value of -4 - (-20 + 29 + -27 + -7) - -6?
27
What is -26455 + 26452 + (-118 + (1 - -1) - 3)?
-122
What is 0 - (3 - 1) - 10 - (31531 - 31544)?
1
What is 60 - (16 + 60) - 69?
-85
-17 + (-43 + 10 - -32) - -63
45
What is -49 + 3 + -79 + 155?
30
What is (-26 - (-46 - -25 - -16)) + 29?
8
Calculate 124 + 2 + (20 - 34 - (-17 - 2)) + -4.
127
(12 - -3) + 95 + (45 - 105)
50
What is (-23 + (32 - 21) - (-2 - 8)) + -21?
-23
Evaluate 43 + -9 + (-16 - (-38 + (36 - 16))).
36
Calculate 16 + -62 - -68 - -14.
36
Calculate (-52 - (-1 + 3)) + (-60 - -68).
-46
What is the value of 5 + -6 + -13 - 2 - -10?
-6
What is the value of -86 - (14 - (14 - -23))?
-63
What is the value of -3 + -1 + 16 + -30 - (-12 - 80)?
74
What is -23 - (-101 + (-36 - -110))?
4
(44 + -20 - 75) + 59
8
(24 - -51) + -68 - 57
-50
What is (7 - 12) + -1 + (-3 - 72) + 66 + -72?
-87
(165 + -176 - 14) + (1 - -24)
0
What is the value of 14 - ((-47 - -102) + -39)?
-2
What is -55 + 21 + 35 + -38?
-37
Evaluate (3 - -55) + 4 + -1 + -5 + (77 - 79).
54
Evaluate 94 + (54 - (55 - -62)).
31
What is -9 - (-5 + -6) - (69 + -92)?
25
-6 + -2 - ((-6 + -50 - 11) + 15)
44
What is the value of -6 - (16 + -36) - (-19 - (-11 + 6))?
28
-52 - -94 - ((-2 - 2) + 4 + -11)
53
What is 29 - (22 + 0) - (-16 + (-4 - 4))?
31
2 + 0 + (100 - -1) - (-1243 + 1255)
91
Calculate 102 - 131 - (9 + 3).
-41
-10 + (-4 - (18 + -18)) + -36 + -25
-75
(-86 + 30 - -49) + (19 - -1)
13
Calculate -28 + -27 + 41 - 22 - -33.
-3
What is -11 + 34 + -8 + -20 + -59?
-64
Calculate (-297 + 592 + -293 - (-1 + 0 + 14)) + 14.
3
Calculate (-26 - (-47 + -15)) + 17 + 4 + -7.
50
What is the value of (3628 - 3734) + (1 - 2 - 3)?
-110
What is the value of (20 - 32) + (-7 - (-28 - -6))?
3
What is the value of (-18 - (-4 + (-7 - -8))) + (-7 + 23 - 26)?
-25
Calculate ((29 - 37) + 10 - -28) + -20.
10
What is the value of (-52 - -5) + (-7 - -32) + (22 - 34)?
-34
What is -6 - (69 + (15 - 24) - 15)?
-51
What is the value of (-21 - -15) + 2 + -21 + 144?
119
19 - ((15 - 8 - (34 + -1)) + 11)
34
Calculate (74 + 17 - 23) + -79.
-11
Calculate 14 + 2 + -46 + (-3 - (-8 + 8 - -2)).
-35
What is (35 - (47 + -28)) + 27?
43
What is (-3 - (-6 + -2) - 2 - (-7 - -16)) + 21?
15
What is the value of -15 + (8 - (-68 - (-10 - (-9 + 15 + -2))))?
47
Calculate (-5 - -7) + 5 + 29 + (-11 + 20 - 9).
36
Calculate 16 - (-11 - (-5 - 11)) - (-6 - -17).
0
Evaluate -37 + (4 - -7 - -39) + -1 + 35.
47
What is the value of (-18 - -9) + 31 - (53 - 52)?
21
Calculate (0 - -1) + 4 - (153 - (45 + 61)) - -5.
-37
What is the value of -65 + (20 + 45 - -40)?
40
Calculate 31 - (-85 + 11 - -1 - -29).
75
(-17 - (30 + -85) - 36) + 89
91
Evaluate (7 - (4 - 2 - 1)) + -3553 + 3495.
-52
Evaluate (35 - (-47 + 113)) + 51.
20
What is 11056 + -11115 + 2 + 152?
95
What is (28 - -8) + (-1 - 1)?
34
Evaluate -22 + -26 - -8 - 17.
-57
(4 + -11 - -17 - 33) + 14 + 74
65
Calculate (31 - 41) + 6 + (-4 + 0 - -57).
49
Evaluate (-4 - (-3 + -1 + -2)) + (-6 - -6) - -48.
50
Calculate (41 - -5) + (4 - 4) + (3 - (0 + 1)).
48
Evaluate -49 + (-67 - -178) + -34.
28
Calculate 64 + (-11 + -2 - (-3 - (-6 + 21))).
69
What is the value of (3 - 2) + -1 + -75 + (-192 - -220)?
-47
What is the value of -12 + (-49 - -61) + (1 - 1) + -3?
-3
Calculate 2 + (1 - -7) + 0 + 1084 + -1092.
2
What is the value of 32 - (11 - 65 - -28)?
58
What is -21 + (2 - 3) + (120 - 85) + 96?
109
Calculate 75 - (-5 + -13 + 10 + 27 + (-6 - -2)).
60
What is 54 - (-7 + -1 + 907 + -898)?
53
What is the value of -10 - ((1 - -6) + -20) - -48 - (-7 + 2)?
56
Calculate (-27 - -10) + (-239 - -231).
-25
Calculate -43 - (14 + -42 + 18 + -21).
-12
13 - (-51 - (-24 + -9) - (-20 - -1))
12
What is the value of -58 + 68 + 9 + 39?
58
What is 3 + -36 + (12 + -3 - 20)?
-44
-62 + (29 - -82) - -26
75
What is -39 - (-4 + -88) - 22?
31
Calculate (5 + -17 - 12) + -3 + -1 + 5 + -3.
-26
What is the value of (-9 - (-23 - -14)) + ((-5 - -6) + -4 - 2)?
-5
Evaluate 0 - -52 - (-1085 + 1153).
-16
What is the value of -5 + 0 + (3 - 1) + (-747 - -729)?
-21
What is the value of -2 - -32 - ((-3 - -1) + (2 - (-31 + 28)))?
27
Calculate 12 - ((7 - 4) + 30 + (-10 - -2)) - 13.
-26
What is -8 + (56 - (8 + -3)) + 77?
120
Evaluate (-40 - -42) + (-40 - 0) + (207 - 203).
-34
What is the value of (-14 - (0 + -1)) + (-38 - (-26 - 24))?
-1
Calculate 0 + -13 + (-16 - -12) + 95.
78
Evaluate -1 + (-131 - -144) + (2 - 38) - -11.
-13
What is the value of 58 - -1 - ((-33 - 72) + 109)?
55
What is the value of 0 + 0 + 9 + -9 - ((132 - 39) + -2)?
-91
Calculate -10 - (6 - (163 + -75)).
72
-55 + (96 - 17) + 27
51
Evaluate -35 - ((-34 - 48) + 81).
-34
Evaluate 38 + -15 + -39 + 16 + -3 + -4 - -49.
42
What is the value of ((7 - 6) + -16 - -6) + 6 + 4?
1
What is 1 + ((12 - 1) + -2 - (1179 - 1150))?
-19
Calculate 110 - -108 - 234 - (3 + -2 - 134).
117
What is the value of -5 + -8 + 11 - (-16 - -15)?
-1
Calculate 65 + (-6 - -13 - -3) + -7 - (-1 + 9).
60
What is the value of 23 - -33 - (-10 - 30)?
96
Calculate 48 - 11 - 10 - (15 + 22).
-10
Calculate 282 + -322 + 10 + -11.
-41
Calculate 56 + -19 + -19 + -24.
-6
-1 - 97 - ((-7 - (17 - 10)) + 14)
-98
What is 229 - 268 - (-28 + 29)?
-40
Calculate 54 - (-7 + (86 - 25 - 29)).
29
What is the value of -9 - (-8 + -11) - (-137 - -146)?
1
-39 + (19 - ((1 + -5 + 17 - 5) + 2))
-30
(88 - (32 - -116)) + 101
41
Calculate 13 + 120 + -117 + (3 - (-2 + -4)) + -6.
19
Calculate -12 + (-25 + -2 + 41 - 57).
-55
What is the value of -36 + 43 + ((10 - 14) + 29 - 5)?
27
-6 + -3 - (74 + -179 - -134)
-38
Calculate (-3 - 19 - (3 - 0) - (-166 - -155)) + 1.
-13
-17 - (1 - ((-30 + 65 - 28) + 0 + 1))
-10
Evaluate 5 + -51 + 55 - (31 + 2).
-24
-31 - 0 - (108 + 83 + -161)
-61
-45 - (-37 + (-38 + 61 - 17))
-14
What is the value of -25 + (94 - 60) + 1 + 12?
22
What is 8 + (0 - 22) - (-13 - -6)?
-7
What is the value of -22 + (-19 - -55) + -16 + (3 - -45 - -2)?
48
What is the value of 6 + 2 + (10 + -12 - -8) - 8?
6
What is -12064 + 12059 + (3 + -3 - -85)?
80
36 + (-83 - -124) + 16 + -10
83
Evaluate 79 - (2 - -42) - -55 - (-15 + 1 - -2).
102
(